+ 26 - z**2 - 2*z. Give i(-4).
-2
Let z(f) = -f**2 - f - 24. Suppose -7*j + 166 = -513. Suppose 0 = -93*g + j*g. What is z(g)?
-24
Suppose 0 = -3*m - 2*i, -m + 4*i = -6*m - 2. Let y(o) = o - 7 + 0*o - 3*o**3 - 2*o**2 - 2*o**3 + 0 + 5. Calculate y(m).
-48
Let b(z) = 2*z - 8. Let j(h) = h - 5. Let q(c) = -3*b(c) + 5*j(c). Let i(r) = -12*r**2 + 4*r + 1. Let y = -12 - -11. Let t(n) = y*i(n) - 2*q(n). Give t(1).
11
Let y(o) = -5*o**2 - 8*o - 1. Let a = 399 + -393. Let w(h) = 11*h**2 + 17*h + 2. Let b(f) = a*w(f) + 13*y(f). Give b(-1).
2
Suppose 2 = -u + 4*c, 373 = 4*c + 365. Let b(y) = -3*y - 6. What is b(u)?
-24
Let i(v) = -v**2 + v - 1. Suppose -361 = -7*w + 1312. Let o = w + -239. Determine i(o).
-1
Suppose x = -50*n + 49*n + 7, 9 = 2*x + n. Let i(p) = 4 + 0*p**3 - 17*p**x + p**3 - 2*p**3 + p - 3 + 22*p**2. Let u = 18 - 13. Give i(u).
6
Suppose -379*h = 5*a - 376*h + 8, 4*a - 5*h = 38. Let t(i) be the first derivative of a*i - 13 + 3/2*i**2. Calculate t(2).
8
Let m(k) = 16*k**3 - 34*k**2 + 25*k + 11. Let d(u) = 7*u**3 - 16*u**2 + 12*u + 4. Let j(i) = 9*d(i) - 4*m(i). Determine j(-9).
1
Suppose 4*p = 3*b + 5, 376*b - 374*b + 5*p = 35. Let s(u) = -u**3 + 6*u**2 - 10*u. Determine s(b).
-25
Let z(b) = -3*b - 38. Suppose -9*w + 45 = 63, 3*w = -d - 19. Determine z(d).
1
Let d(b) = b - 2. Let p(s) = -s + 5. Let r be p(4). Let u = -27 - r. Let f = u - -30. Calculate d(f).
0
Suppose 21*m - 50*m - 145 = 0. Let p(v) = -v**3 - 5*v**2 + 4*v + 10. Give p(m).
-10
Let o(z) = 47*z + 43 - 3*z**2 - 39 - 37*z + z**3. Let n(b) = 4*b**3 - 8*b**2 + 31*b + 12. Let x(p) = 2*n(p) - 7*o(p). Determine x(-5).
36
Let x(d) be the third derivative of d**7/840 + d**6/72 - 7*d**5/120 + d**4/8 + d**3/6 + 3*d**2 - 15. Let u(g) be the first derivative of x(g). What is u(-6)?
9
Let w(i) be the first derivative of i**4/4 + 7*i**3/3 - i**2/2 - 6*i + 65. Let q(r) = 5*r + 3. Suppose 4 - 2 = -g. Let z be q(g). Calculate w(z).
1
Suppose 3*r = 2*u, 0 = 77*r - 72*r - 5*u. Let i(w) be the third derivative of 0*w + r + 1/60*w**5 - 2/3*w**3 + 20*w**2 + 1/6*w**4. Give i(-4).
-4
Let o = 21/530 + 13/6360. Let h(w) be the third derivative of 0*w - 20*w**2 + 3/40*w**6 + 0*w**3 - o*w**4 + 1/30*w**5 + 0. Calculate h(1).
10
Suppose 58*d - 57*d - 9 = -5*h, 0 = 5*h - 6*d - 51. Let u(q) = q**3 - q**2 + 6*q - 31. Give u(h).
5
Let r(i) be the third derivative of i**6/120 + 7*i**5/30 + 25*i**4/24 + i**3 - 125*i**2. What is r(-12)?
-6
Let n(d) = -d**2 - 7*d + 2. Let z(h) = -h**3 + 11*h**2. Let k be (-2)/(-3) + 217/21. Let w be z(k). Suppose -6*s - 93 + 45 = w. Give n(s).
-6
Let z(w) = -5*w**3 - 3*w - 3 + 2*w**3 + 5*w + 1 - w**2. Let s = -12 + 6. Let v be 1 - (1 + (s + -2)/4). What is z(v)?
-26
Suppose -79*s = 294*s + 2984. Let b(i) = i**3 + 8*i**2 - 6*i + 15. Determine b(s).
63
Let z(x) = 89*x**2 - 6 - 8*x**3 + 0*x + 7*x + 7*x**3 - 94*x**2. Let p be ((-45)/30)/(2/8). What is z(p)?
-12
Let i(n) be the first derivative of n**4/4 + 5*n**3/3 - 6*n**2 - 12*n + 1725. What is i(-7)?
-26
Let o(v) = 173*v - 8817. Let j be o(51). Let q(c) = 11*c**2 - 4*c - 10. Let f(x) = -7*x**2 + 3*x + 7. Let l(k) = -8*f(k) - 5*q(k). Give l(j).
6
Let s(g) = 3*g + 5*g + 11*g**2 + 416 - 412 - g**3 - 5*g + 3*g. Determine s(11).
70
Let y(h) = 40*h + 448. Let w be y(-11). Let z(j) = j**3 - 8*j**2 - 2*j - 10. What is z(w)?
-26
Let w(p) = 4*p - 11. Suppose -4*y - 4 = 3*t, -3 = -2*t - t + 3*y. Let x = t - -5. Determine w(x).
9
Let x(k) be the first derivative of -k**5/60 - 3*k**4/8 - 7*k**3/6 - 53*k**2/2 + 9. Let f(j) be the second derivative of x(j). Determine f(-6).
11
Let r(h) = -44 + 7935*h + 7923*h - 15843*h. Calculate r(5).
31
Let z(m) = 17*m**2. Let i be 225/6 + (-1)/(-2). Suppose -7*h + 3*h = -x + i, -x + 58 = h. Let r = x - 53. What is z(r)?
17
Let t(m) = m**3 + 8*m**2 - 9*m - 3. Let a be t(-9). Let w(b) = -7*b - 8. Let h(c) = c + 1. Let i(o) = 5*h(o) + w(o). Calculate i(a).
3
Let l(x) = -4*x**2 + 77*x + 72*x + 7*x**2 - 190*x - 4. Determine l(14).
10
Let l be 2/9 - 114/27. Let y(i) = 9*i + 43. Let z(a) = 5*a + 46. Let w(t) = 3*t + 24. Let q(u) = -7*w(u) + 3*z(u). Let n(b) = 7*q(b) + 5*y(b). What is n(l)?
-7
Let t(r) = r**2 + 35*r + 179. Let g be t(-29). Let a(y) = -y**3 + 6*y**2 - 7*y + 1. Calculate a(g).
-9
Let o(u) = u**3 + 17*u**2 + 17*u + 18. Let v be o(-16). Let h(b) = 3*b**2 - 5*b + 5*b**2 + 7*b + 5*b**2 - v - 2*b**2. Calculate h(-2).
38
Let h(a) = -11 - 4*a + 11 + 16. Suppose 2*t - 38 = d + d, 4*d = -6*t + 34. Calculate h(t).
-28
Suppose 3*w - 2*t - 26 = 0, 0*w + 5*t = 4*w - 44. Let x be (w - 7)/(1/(-2)). Let p(u) = 3 - 99*u**2 + 100*u**x + 7 - 10*u. Give p(9).
1
Let c be -3*(5 - (-5 + 3) - (-75)/(-9)). Let n(h) = -h**3 + 3*h**2 + 3*h - 10. Give n(c).
-14
Suppose -3*f + 146 = -5*q, -127*q = -126*q - 3*f + 34. Let n(o) = -10*o - 284. Give n(q).
-4
Let g(l) = l**3 - 9*l**2 + 12*l + 17. Suppose 0*r - 28 = -4*r. Let w be g(r). Let s(p) = p**3 - 2*p**2 + p - 3. Calculate s(w).
9
Let n(g) = -3*g**2 + 3*g + 6. Let q = 1573 + -1577. Determine n(q).
-54
Let g(o) = o**2 + 3*o + 2. Let p(n) = -44*n + 1361. Let w be p(31). Give g(w).
2
Let a = -262 + 264. Suppose -2*l + 20 = -a*u, 6*l + 3*u = 10*l - 39. Let t(i) = -i**2 + 7*i + 19. Determine t(l).
1
Let b(d) = 2*d**3 + 27*d**2 - 49*d - 65. Let t be b(-15). Let h(k) = -k**3 - 4*k**2 + 3*k - 6. Give h(t).
4
Let l(d) be the second derivative of -2*d**2 - 1/2*d**3 + 1/12*d**4 + 14*d + 0. What is l(-2)?
6
Let c(l) = 9*l - 7. Let f(s) = -8*s + 4. Let r(q) = -6*c(q) - 7*f(q). What is r(-6)?
2
Let b(m) = -3*m - 23. Let k = -3264 - -3255. Give b(k).
4
Let n(c) = -19*c - 1. Let q(z) = 9*z. Let b(i) = 6*n(i) + 13*q(i). Let o be (-5)/10*-2*8. Let t be 46/8 - 6/o. Calculate b(t).
9
Suppose 29*l - 3 = 28*l. Let a(o) be the third derivative of 0 - 1/15*o**5 + 0*o + 0*o**3 - 1/24*o**4 + 7*o**2 + 1/120*o**6. Calculate a(l).
-12
Let y(b) = -b**2 + 5*b - 11. Let m(v) = v**3 + 8*v**2 + 14*v + 15. Let t be m(-6). Let a be y(t). Let z(r) = -r + 1. What is z(a)?
6
Let i(n) = 2*n**2 + 38*n - 35. Suppose 0 = -65*m + 12*m - 1060 - 0. Give i(m).
5
Let o(x) = 29 - 52*x - 60*x + 115*x. Let i be o(-7). Let l(v) = 3 + 120*v - 121*v - i. What is l(4)?
-9
Let n(h) = h**3 + 2*h**2 - 2*h - 1. Let t(d) = 8*d**3 + 11*d**2 - 33*d - 53. Let k(b) = -9*n(b) + t(b). Calculate k(-6).
10
Let o(i) = i**2 - 2*i - 14. Let c(k) = k**2 - k - 13. Let u(g) = 7*c(g) - 6*o(g). Suppose 223*s - 227*s - 32 = 0. Determine u(s).
17
Let t(n) be the third derivative of -7*n**5/30 - n**3/6 - 3*n**2 - 65. Calculate t(-1).
-15
Let o(m) = -175*m + 13. Let c(r) = -414*r + 27. Let t(u) = 3*c(u) - 7*o(u). Determine t(2).
-44
Let v(p) = p**3 + 15*p**2 + 23*p - 35. Let g = -805 + 792. Determine v(g).
4
Let l(g) = -g**2 + 2*g - 1. Suppose 17*u + 0*u = 374. Suppose 4*q - 6 + u = 0, 4*x + q + 12 = 0. Give l(x).
-9
Suppose -11*p + 444 = -27*p + 556. Let b(l) = -14*l - 6. Determine b(p).
-104
Let t(a) be the third derivative of 7*a**4/24 - a**3/6 - 3*a**2. Let z(c) = -36*c + 6. Let g(i) = -11*t(i) - 2*z(i). Let s = -3029 - -3028. Give g(s).
4
Let w = 84 + -82. Suppose 6*n - w*n = -12. Let h(t) = 8*t**3 - 23*t**2 + 11*t + 1. Let a(i) = -3*i**3 + 8*i**2 - 4*i. Let m(o) = 11*a(o) + 4*h(o). What is m(n)?
-5
Let s(c) be the third derivative of c**6/120 - 7*c**5/60 + 3*c**4/8 - 4*c**3/3 + 58*c**2. Suppose -38*i + 327 = 99. Calculate s(i).
10
Let r = -263 + 343. Suppose n = -15*n - r. Let p(j) = j + j**2 + 2 - 2*j**2 - 2*j. What is p(n)?
-18
Let c(r) be the second derivative of -r**4/12 - 25*r**3/6 + 27*r**2/2 - r - 863. Calculate c(1).
1
Let m(j) = -j**3 - 8*j**2 + 4*j - 11. Suppose -5*b = -2*u + 47, -1495*b + u + 8 = -1496*b. Calculate m(b).
34
Let y(q) = 42*q + 75. Let h(b) = b**3 + 11*b**2 - 59*b + 13. Let m be h(-15). Calculate y(m).
-9
Let c(u) = -54*u - 5*u**2 - 8*u**2 - 18 + 12*u**2 + 7. Calculate c(-54).
-11
Let u be 4*(-1 + (-9)/(-4)). Let x be u + 0 - (3 + -1 - -2). Let k(c) = 3 - 5*c - 3. Give k(x).
-5
Suppose 13*h + 106 = 15. Let y = -14 + 23. Let z(j) = y - 5*j + 0 + 8*j. Determine z(h).
-12
Let f(j) be the second derivative of -37*j**3/6 + 114*j**2 - 138*j + 10. Determine f(6).
6
Suppose 4*z = -4*q + 7 + 17, -5*q + 27 = 4*z. Let s(g) = -7*g**2 + 4*g**2 - 326*g + g**3 + 326*g + 1. Determine s(z).
1
Suppose -4*z + 15 = 3*n, -z = 4 - 1. Let h(k) = -n